the remainder when 322 is divided by g.
16
Let l = -3519 + 3606. Let j(y) = -y**3 + 6*y**2 - 3*y + 6. What is the remainder when l is divided by j(4)?
9
Suppose 7 = -j, 0 = -4*p - 2*j + 5 + 473. What is the remainder when p is divided by 56?
11
Let g(j) = 2*j**3 + j**2 - 15*j - 14. Let u(s) = -s**3 - 4*s**2 - 5*s - 3. What is the remainder when g(5) is divided by u(-4)?
16
Let c = 20030 + -19789. Calculate the remainder when 1930 is divided by c.
2
Let z(v) = -v**2 + 8*v + 10. Let y be z(-4). Let o = -32 - y. Let g = 7 + o. Calculate the remainder when 36 is divided by g.
10
Suppose 8 + 22 = 3*g - 2*r, -3*r = g - 21. Suppose 1373 + 439 = g*f. Calculate the remainder when f is divided by 76.
75
Let g(q) = -2*q**3 + 10*q**2 - 29*q + 58. What is the remainder when 1239 is divided by g(3)?
0
Let g(z) = z**3 - 4*z**2 + 5*z + 2. Let i be g(4). Suppose 0 = -4*d - 174 + 458. What is the remainder when d is divided by 2/2*i + (-8 - -11)?
21
Let s be (3 + (-68)/20)/(4/(-60)). Suppose -s*h + 165 = 9. Calculate the remainder when 48 is divided by h.
22
Suppose 0 = 62*t - 2314 + 1694. What is the remainder when 229 is divided by t?
9
Let j be 2*-1 - (10 - 23). Let k(l) be the first derivative of -l**2/2 + 21*l - 84. Calculate the remainder when k(j) is divided by 7.
3
Let y(t) = -t**2 - 13*t + 384. What is the remainder when 1263 is divided by y(14)?
3
What is the remainder when 1031 is divided by (-84)/(-24)*(-2 + 4) - -17?
23
Let d be -1 - (3 + -1 + -593). Let z be 4/16 + d/8. Suppose 18*k - z = 16*k. What is the remainder when k is divided by 21?
16
Let r(d) = d**2 - 61*d + 952. Calculate the remainder when r(39) is divided by 5.
4
Suppose 2*w = 4*a - 1537 - 701, 2*w - 2226 = -4*a. Calculate the remainder when a is divided by 97.
73
Let y be (-480)/9*(-90)/15. Let c = y - 101. What is the remainder when c is divided by 37?
34
Let z = 4666 + -3939. What is the remainder when z is divided by 186?
169
Suppose 4*i = -69*k + 68*k + 114, -2*i + 3*k + 36 = 0. Calculate the remainder when 187 is divided by i.
25
Let k = 201 + -296. Let o = -91 - k. Suppose -4*m - 27 = -q, -o*q - 5*m - 12 + 15 = 0. What is the remainder when 10 is divided by q?
3
Calculate the remainder when 9 - 2 - 7 - (-1048 - 2) is divided by 48.
42
Let k(l) = -4 - 2*l - 2 - 2. Let g(i) = 7*i - 47. Let s be g(5). Calculate the remainder when 109 is divided by k(s).
13
Let d = 21641 - 13547. Calculate the remainder when d is divided by 270.
264
Let l(i) = -96 - 147*i - 86*i + 75*i. Calculate the remainder when l(-5) is divided by 24.
22
Let v be 1/4 + 15/4. Suppose 0 = 3*y, 6*k - 40 = k - v*y. Suppose 76*p - 240 = 72*p + 4*f, 4*p - 3*f - 242 = 0. What is the remainder when p is divided by k?
6
Let g(c) = -2*c**2 + 20*c + 301. What is the remainder when 110 is divided by g(18)?
6
Let r be 12/(-10)*(80/(-15) + 2). Suppose 753 = r*i - 35. What is the remainder when i is divided by 22?
21
Suppose 8*t - 3791 = -1063. Let n = t - 329. What is the remainder when 68 is divided by n?
8
Suppose -3*c + 8 = -c. Suppose -142*r = 14*r - 11383 - 5. What is the remainder when r is divided by c?
1
Suppose 5*r + 267 = 4*w + 102, 4*w - 192 = -4*r. Suppose 0 = -3*c - 0*c + w. Let a = 42 + -20. Calculate the remainder when a is divided by c.
7
Let m = -74 - -108. Let d(z) = -2*z**2 - 23*z - 13. Let l be d(-15). Let k = 218 + l. What is the remainder when k is divided by m?
32
Suppose 85*j = 88*j - 4*x - 466, 5*j - 5*x = 775. What is the remainder when 442 is divided by j?
134
Suppose -4*o - 5*b = -135, -2*o + 72 = -0*o + 4*b. Calculate the remainder when 286 is divided by o.
16
Let y(b) = -2*b**2 + 43*b - 164. What is the remainder when 271 is divided by y(16)?
7
Suppose 6*l - 20122 + 4521 = 11285. Calculate the remainder when l is divided by 115.
111
Let y = 23 + -23. Let s(d) = -d**2 + 128. Let f be s(y). Suppose -3*b - v + 80 = 0, -v - f = -2*b - 3*b. What is the remainder when b is divided by 9?
8
Let x(c) = -c**3 + 23*c**2 - 165*c + 3628. What is the remainder when x(21) is divided by 104?
5
Suppose -30*p + 28418 = -17*p. Calculate the remainder when p is divided by 27.
26
Suppose -6*v + 13*v = 14. Suppose -2*r - 3*b = -43, -6*b + 20 = -v*b. What is the remainder when 20 is divided by r?
6
Let j(w) = -w**2 - 2*w + 4. Suppose 0*k = -2*k + 3*h + 2, h + 2 = 0. What is the remainder when 11 + -2 + (-20)/5 is divided by j(k)?
1
Let t = 67 + -65. Suppose j - 28 = -0*j + t*i, 2*j - 49 = -3*i. Calculate the remainder when 81 is divided by j.
3
Let s = -834 - -838. Suppose 1001 = s*g + 3*g. Calculate the remainder when g is divided by 50.
43
Let d(c) = -2*c**3 + c**2 + 2*c + 9522. Calculate the remainder when d(0) is divided by 22.
18
Let h(r) = r**3 - 229*r**2 + 348*r - 27346. Suppose 0 = 2*b - 117 - 119. Calculate the remainder when b is divided by h(228).
6
Suppose 832 + 204 = -4*j. Calculate the remainder when (-2 - 16)*(j/21 - -7) is divided by (-6)/(4/(80/(-6))).
16
Calculate the remainder when 55/1265 + 13430/46 is divided by 13.
6
Let h = 519 + -519. Suppose 0 = -8*d + 7*d - 3*p + 243, 2*d - 3*p - 441 = h. What is the remainder when d is divided by 23?
21
Suppose 18 - 23 = -b. Suppose -2*z - u + 89 = 0, -18 = -2*z - b*u + 75. What is the remainder when 166 is divided by z?
34
Suppose 4*q + 1320 = 2*f, -1519 = -3*f - 2*q + 429. What is the remainder when f is divided by 82?
78
Let g = -102 + 228. Let h be -445 - 8/(16/(-10)). Let c = -414 - h. What is the remainder when g is divided by c?
22
Let x(t) = -2162*t + 8673. Calculate the remainder when 1272 is divided by x(4).
22
Suppose 3*k - 1 = -b - 2, -10 = -4*b + 2*k. Suppose z = 4*z - 4*s - 274, -b*z + 201 = s. Calculate the remainder when z is divided by 15.
8
Suppose 0 = b - 10 - 14. Suppose 486 = 3*t + 2*x + x, -4*x + 314 = 2*t. What is the remainder when t is divided by b?
23
Let i(q) = q**2 - 3*q - 20. Let l be i(-4). Suppose -65*v = -64*v - l. Calculate the remainder when 519 is divided by v.
7
Let l(p) be the second derivative of p**4/12 - 7*p**3/6 + 7*p**2 + 7*p. Let k be l(7). Calculate the remainder when 2*k - (-6 - -3) is divided by 12.
7
Let v(x) = x**2 + 35*x - 2401. Calculate the remainder when 4205 is divided by v(37).
260
Let j(v) = -v + 8. Let m = -3 + 5. Suppose p + m*p = 3*q, -4*q + 36 = 5*p. What is the remainder when 6 is divided by j(p)?
2
Suppose 4*n + 485 - 1730 = 5*d, n + 9*d = 301. What is the remainder when n is divided by 157?
153
Suppose 0 = -19*c + 424 + 1476. Calculate the remainder when 437 is divided by c.
37
Suppose 132*v = 131*v + 383. Let n = v + -266. Calculate the remainder when n is divided by 6.
3
Suppose 207*g + 723 = 16041. What is the remainder when 88 is divided by g?
14
Calculate the remainder when 90/27 - 1278/(-54) is divided by -2 + 1 - (-1 - 15).
12
Suppose -4141 = -13603*z + 13590*z + 357. Calculate the remainder when z is divided by 82.
18
Let g = -715 + 702. Let r(u) = -u**3 + u. Let b(m) = -4*m**3 + 13*m**2 + 9. Let z(v) = b(v) - 5*r(v). What is the remainder when z(g) is divided by 25?
24
Suppose 0 = -4*q - q + 170. Let l(f) = -33*f + 79. Suppose -26*x = -75*x + 98. Calculate the remainder when q is divided by l(x).
8
Suppose 2*j + v - 129 = 0, -6*j + 9*j - 210 = 4*v. What is the remainder when 149 is divided by j?
17
Let a be -2 - 0/(-4) - 7/(-1). Suppose 4 = a*h - 3*y - 6, 3*h - y - 6 = 0. Calculate the remainder when 38 is divided by h/3*(-585)/(-30).
12
Let k = 226 + -224. Calculate the remainder when 372 is divided by (k/10*-34)/((-7)/35).
32
Let t(o) = o**2 + 12*o + 18. Let j be ((-10)/15)/(0 - (-2)/27). Let u be t(j). Calculate the remainder when 58 is divided by 1*9*(-33)/u.
25
Let i = -7658 - -7732. What is the remainder when i is divided by 36?
2
Let u = 738 + 1463. Calculate the remainder when u is divided by 92.
85
Calculate the remainder when (1419/2365 - 1*1/10)*1182 is divided by 25.
16
Suppose i = -0*i + 17. Let f(r) = -28*r + 247. Calculate the remainder when f(6) is divided by i.
11
Suppose 2*v + 215 - 45 = 0. Let c = 94 + v. What is the remainder when c is divided by 9?
0
Let p(f) = f**3 - 18*f**2 + 7. Let b be 288/30 + 4/10. Let n be b/(-20) - 74/(-4). What is the remainder when 14 is divided by p(n)?
0
Let c = 11388 - 10352. What is the remainder when 3127 is divided by c?
19
What i